{"id":137,"date":"2016-02-17T15:57:13","date_gmt":"2016-02-17T14:57:13","guid":{"rendered":"https:\/\/weimarkamin.de\/erfurt\/?page_id=137"},"modified":"2017-05-09T15:33:10","modified_gmt":"2017-05-09T13:33:10","slug":"backoefen","status":"publish","type":"page","link":"https:\/\/weimarkamin.de\/erfurt\/backoefen\/","title":{"rendered":"Back\u00f6fen"},"content":{"rendered":"<div id=\"pl-137\"  class=\"panel-layout\" ><div id=\"pg-137-0\"  class=\"panel-grid panel-no-style\" ><div id=\"pgc-137-0-0\"  class=\"panel-grid-cell\" ><div id=\"panel-137-0-0-0\" class=\"so-panel widget widget_sow-image panel-first-child\" data-index=\"0\" ><div\n\t\t\t\n\t\t\tclass=\"so-widget-sow-image so-widget-sow-image-default-a258e6bfa2d8-137\"\n\t\t\t\n\t\t>\n<div class=\"sow-image-container\">\n\t\t<img \n\tsrc=\"https:\/\/weimarkamin.de\/erfurt\/wp-content\/uploads\/sites\/16\/2016\/02\/EK-Herz.jpg\" width=\"2100\" height=\"700\" srcset=\"https:\/\/weimarkamin.de\/erfurt\/wp-content\/uploads\/sites\/16\/2016\/02\/EK-Herz.jpg 2100w, https:\/\/weimarkamin.de\/erfurt\/wp-content\/uploads\/sites\/16\/2016\/02\/EK-Herz-300x100.jpg 300w, https:\/\/weimarkamin.de\/erfurt\/wp-content\/uploads\/sites\/16\/2016\/02\/EK-Herz-1030x343.jpg 1030w, https:\/\/weimarkamin.de\/erfurt\/wp-content\/uploads\/sites\/16\/2016\/02\/EK-Herz-250x83.jpg 250w, https:\/\/weimarkamin.de\/erfurt\/wp-content\/uploads\/sites\/16\/2016\/02\/EK-Herz-150x50.jpg 150w\" sizes=\"(max-width: 2100px) 100vw, 2100px\" alt=\"\" \t\tclass=\"so-widget-image\"\/>\n\t<\/div>\n\n<\/div><\/div><div id=\"panel-137-0-0-1\" class=\"so-panel widget panel-last-child\" data-index=\"1\" ><\/div><\/div><\/div><div id=\"pg-137-1\"  class=\"panel-grid panel-has-style\" ><div class=\"panel-row-style panel-row-style-for-137-1\" ><div id=\"pgc-137-1-0\"  class=\"panel-grid-cell\" ><div id=\"panel-137-1-0-0\" class=\"so-panel widget widget_sow-image panel-first-child panel-last-child\" data-index=\"2\" ><div\n\t\t\t\n\t\t\tclass=\"so-widget-sow-image so-widget-sow-image-default-8b5b6f678277-137\"\n\t\t\t\n\t\t>\n<div class=\"sow-image-container\">\n\t\t<img \n\tsrc=\"https:\/\/weimarkamin.de\/erfurt\/wp-content\/uploads\/sites\/16\/2016\/02\/fire-girl-silber-3.jpg\" width=\"1837\" height=\"2739\" srcset=\"https:\/\/weimarkamin.de\/erfurt\/wp-content\/uploads\/sites\/16\/2016\/02\/fire-girl-silber-3.jpg 1837w, https:\/\/weimarkamin.de\/erfurt\/wp-content\/uploads\/sites\/16\/2016\/02\/fire-girl-silber-3-201x300.jpg 201w, https:\/\/weimarkamin.de\/erfurt\/wp-content\/uploads\/sites\/16\/2016\/02\/fire-girl-silber-3-691x1030.jpg 691w, https:\/\/weimarkamin.de\/erfurt\/wp-content\/uploads\/sites\/16\/2016\/02\/fire-girl-silber-3-101x150.jpg 101w\" sizes=\"(max-width: 1837px) 100vw, 1837px\" title=\"fire-girl-silber (3)\" alt=\"\" \t\tclass=\"so-widget-image\"\/>\n\t<\/div>\n\n<\/div><\/div><\/div><div id=\"pgc-137-1-1\"  class=\"panel-grid-cell\" ><div id=\"panel-137-1-1-0\" class=\"so-panel widget widget_sow-editor panel-first-child panel-last-child\" data-index=\"3\" ><div\n\t\t\t\n\t\t\tclass=\"so-widget-sow-editor so-widget-sow-editor-base\"\n\t\t\t\n\t\t><h2 class=\"widget-title\">Erlebnis - Genuss - Gesundheit<\/h2>\n<div class=\"siteorigin-widget-tinymce textwidget\">\n\t<p><span class='schriftzug'><strong>ERFURTKAMIN<\/strong><\/span> powered by <span class='schriftzug'><strong>WEIMARKAMIN<\/strong><\/span><\/p>\n<p><strong>Sehr geehrte Damen und Herren, liebe Feuerfreunde!<\/strong><\/p>\n<p>Eines haben alle die von uns angebotenen Back\u00f6fen gemeinsam: <br \/>sie erzeugen hervorragende Backergebnisse, lassen sich einfach bedienen und arbeiten Dank moderner Technologie effizient und zuverl\u00e4ssig.<\/p>\n<p>Durch den Einsatz der Scheitholz- und\/ oder Pelletfeuerung erh\u00e4lt Ihr Backgut das ganz besondere Aroma. Aber auch mit einem Elektro- Steinbackofen erzielen Sie den gleichen Geschmacks- Effekt wie mit einem Steinbackofen auf Scheitholzbasis. <br \/>Was fr\u00fcher gut war, muss heute nicht schlecht sein, im Ggegenteil.<\/p>\n<p>Gesundes Erlebnis- Backen f\u00fcr Brote, Pizzen, Kuchen, Aufl\u00e4ufe oder sonstiges Kleingeb\u00e4ck mit Ihrer pers\u00f6nlichen Rezeptur - eine Freude und Genuss f\u00fcr alle Sinne.<br \/><strong><br \/><span class=\"schrift-orange\">Auf Wunsch bauen wir Ihren ganz individuellen Backofen f\u00fcr den Innen- oder Au\u00dfenbereich, Ihre pers\u00f6nliche Kreativit\u00e4t und unsere Fachkompetenz sind dabei die Basis bei der Umsetzung Ihres geplanten Projektes.<\/span><br \/><\/strong><\/p>\n<p>Unsere namhaften deutschen und europ\u00e4ischen Hersteller bringen die Erlebniswelt Backen auch zu Ihnen nach Hause.<\/p>\n<p><strong>Bitte w\u00e4hlen Sie Sie die von Ihnen gew\u00fcnschte Kategorie aus und erfahren Sie mehr oder vereinbaren Sie direkt von hier mit uns einen <a href=\"https:\/\/weimarkamin.de\/beratung\/\">Beratungstermin<\/a>!<\/strong><\/p>\n<\/div>\n<\/div><\/div><\/div><\/div><\/div><div id=\"pg-137-2\"  class=\"panel-grid panel-no-style\" ><div id=\"pgc-137-2-0\"  class=\"panel-grid-cell\" ><div id=\"panel-137-2-0-0\" class=\"so-panel widget widget_text panel-first-child panel-last-child\" data-index=\"4\" >\t\t\t<div class=\"textwidget\"><div class=\"su-animate\" style=\"opacity:0;-webkit-animation-duration:2s;-webkit-animation-delay:0s;animation-duration:2s;animation-delay:0s;\" data-animation=\"bounceInLeft\" data-duration=\"2\" data-delay=\"0\">\n<div class=\"su-row fliegendeboxen\">\n<div class=\"su-column su-column-size-1-3\"><div class=\"su-column-inner su-u-clearfix su-u-trim\">\n<h2><a title=\"Back\u00f6fen mit Scheitholz- und\/ oder Holzpelletbrand\" href=\"https:\/\/weimarkamin.de\/backoefen\/holzbackoefen\/\">Back\u00f6fen mit Scheitholz- und\/ oder Holzpelletbrand<\/a><\/h2>\n\n<a href=\"https:\/\/weimarkamin.de\/backoefen\/holzbackoefen\/\" class=\"su-button su-button-style-soft\" style=\"color:#FFFFFF;background-color:#961501;border-color:#781101;border-radius:5px\" target=\"_self\"><span style=\"color:#FFFFFF;padding:6px 18px;font-size:14px;line-height:21px;border-color:#b65c4e;border-radius:5px;text-shadow:none\"><i class=\"sui sui-arrow-right\" style=\"font-size:14px;color:#FFFFFF\"><\/i> Mehr erfahren<\/span><\/a>\n<\/div><\/div>\n<div class=\"su-column su-column-size-1-3\"><div class=\"su-column-inner su-u-clearfix su-u-trim\">\n<h2><a title=\"Back\u00f6fen mit Stromversorgung\" href=\"https:\/\/weimarkamin.de\/backoefen\/elektrobackoefen\/\">Back\u00f6fen mit Stromversorgung<\/a><\/h2>\n\n<a href=\"https:\/\/weimarkamin.de\/backoefen\/elektrobackoefen\/\" class=\"su-button su-button-style-soft\" style=\"color:#FFFFFF;background-color:#961501;border-color:#781101;border-radius:5px\" target=\"_self\"><span style=\"color:#FFFFFF;padding:6px 18px;font-size:14px;line-height:21px;border-color:#b65c4e;border-radius:5px;text-shadow:none\"><i class=\"sui sui-arrow-right\" style=\"font-size:14px;color:#FFFFFF\"><\/i> Mehr erfahren<\/span><\/a>\n<\/div><\/div>\n<div class=\"su-column su-column-size-1-3\"><div class=\"su-column-inner su-u-clearfix su-u-trim\">\n<h2><a title=\"Back\u00f6fen als Selbstbaus\u00e4tze\" href=\"https:\/\/weimarkamin.de\/backoefen\/bausaetze\/\">Back\u00f6fen als Selbstbaus\u00e4tze<\/a><\/h2>\n\n<a href=\"https:\/\/weimarkamin.de\/backoefen\/bausaetze\/\" class=\"su-button su-button-style-soft\" style=\"color:#FFFFFF;background-color:#961501;border-color:#781101;border-radius:5px\" target=\"_self\"><span style=\"color:#FFFFFF;padding:6px 18px;font-size:14px;line-height:21px;border-color:#b65c4e;border-radius:5px;text-shadow:none\"><i class=\"sui sui-arrow-right\" style=\"font-size:14px;color:#FFFFFF\"><\/i> Mehr erfahren<\/span><\/a>\n<\/div><\/div>\n<\/div>\n<\/div>\n<div class=\"su-spacer\" style=\"height:40px\"><\/div>\n<span class='schriftzug'><strong>ERFURTKAMIN<\/strong><\/span><br \/>...macht warm um's Herz.\n<\/div>\n\t\t<\/div><\/div><\/div><\/div>","protected":false},"excerpt":{"rendered":"<p>powered by Sehr geehrte Damen und Herren, liebe Feuerfreunde!Eines haben alle die von uns angebotenen Back\u00f6fen gemeinsam: sie erzeugen hervorragende Backergebnisse, lassen sich einfach bedienen und arbeiten Dank moderner Technologie effizient und zuverl\u00e4ssig.Durch den Einsatz der Scheitholz- und\/ oder Pelletfeuerung erh\u00e4lt Ihr Backgut das ganz besondere Aroma. Aber auch mit\u2026<\/p>\n<p> <a class=\"continue-reading-link\" href=\"https:\/\/weimarkamin.de\/erfurt\/backoefen\/\"><span>Continue reading<\/span><i class=\"crycon-right-dir\"><\/i><\/a> <\/p>\n","protected":false},"author":1,"featured_media":0,"parent":0,"menu_order":0,"comment_status":"closed","ping_status":"closed","template":"","meta":{"footnotes":""},"class_list":["post-137","page","type-page","status-publish","hentry"],"_links":{"self":[{"href":"https:\/\/weimarkamin.de\/erfurt\/wp-json\/wp\/v2\/pages\/137","targetHints":{"allow":["GET"]}}],"collection":[{"href":"https:\/\/weimarkamin.de\/erfurt\/wp-json\/wp\/v2\/pages"}],"about":[{"href":"https:\/\/weimarkamin.de\/erfurt\/wp-json\/wp\/v2\/types\/page"}],"author":[{"embeddable":true,"href":"https:\/\/weimarkamin.de\/erfurt\/wp-json\/wp\/v2\/users\/1"}],"replies":[{"embeddable":true,"href":"https:\/\/weimarkamin.de\/erfurt\/wp-json\/wp\/v2\/comments?post=137"}],"version-history":[{"count":4,"href":"https:\/\/weimarkamin.de\/erfurt\/wp-json\/wp\/v2\/pages\/137\/revisions"}],"predecessor-version":[{"id":3551,"href":"https:\/\/weimarkamin.de\/erfurt\/wp-json\/wp\/v2\/pages\/137\/revisions\/3551"}],"wp:attachment":[{"href":"https:\/\/weimarkamin.de\/erfurt\/wp-json\/wp\/v2\/media?parent=137"}],"curies":[{"name":"wp","href":"https:\/\/api.w.org\/{rel}","templated":true}]}}