{"id":128,"date":"2016-02-17T15:49:46","date_gmt":"2016-02-17T14:49:46","guid":{"rendered":"https:\/\/weimarkamin.de\/erfurt\/?page_id=128"},"modified":"2017-05-09T15:35:26","modified_gmt":"2017-05-09T13:35:26","slug":"garten","status":"publish","type":"page","link":"https:\/\/weimarkamin.de\/erfurt\/garten\/","title":{"rendered":"Garten"},"content":{"rendered":"<div id=\"pl-128\"  class=\"panel-layout\" ><div id=\"pg-128-0\"  class=\"panel-grid panel-no-style\" ><div id=\"pgc-128-0-0\"  class=\"panel-grid-cell\" ><div id=\"panel-128-0-0-0\" class=\"so-panel widget widget_sow-image panel-first-child\" data-index=\"0\" ><div\n\t\t\t\n\t\t\tclass=\"so-widget-sow-image so-widget-sow-image-default-a258e6bfa2d8-128\"\n\t\t\t\n\t\t>\n<div class=\"sow-image-container\">\n\t\t<img \n\tsrc=\"https:\/\/weimarkamin.de\/erfurt\/wp-content\/uploads\/sites\/16\/2016\/02\/EK-Herz-gruen.jpg\" width=\"2100\" height=\"701\" srcset=\"https:\/\/weimarkamin.de\/erfurt\/wp-content\/uploads\/sites\/16\/2016\/02\/EK-Herz-gruen.jpg 2100w, https:\/\/weimarkamin.de\/erfurt\/wp-content\/uploads\/sites\/16\/2016\/02\/EK-Herz-gruen-300x100.jpg 300w, https:\/\/weimarkamin.de\/erfurt\/wp-content\/uploads\/sites\/16\/2016\/02\/EK-Herz-gruen-1030x344.jpg 1030w, https:\/\/weimarkamin.de\/erfurt\/wp-content\/uploads\/sites\/16\/2016\/02\/EK-Herz-gruen-250x83.jpg 250w, https:\/\/weimarkamin.de\/erfurt\/wp-content\/uploads\/sites\/16\/2016\/02\/EK-Herz-gruen-150x50.jpg 150w\" sizes=\"(max-width: 2100px) 100vw, 2100px\" alt=\"\" \t\tclass=\"so-widget-image\"\/>\n\t<\/div>\n\n<\/div><\/div><div id=\"panel-128-0-0-1\" class=\"so-panel widget panel-last-child\" data-index=\"1\" ><\/div><\/div><\/div><div id=\"pg-128-1\"  class=\"panel-grid panel-has-style\" ><div class=\"panel-row-style panel-row-style-for-128-1\" ><div id=\"pgc-128-1-0\"  class=\"panel-grid-cell\" ><div id=\"panel-128-1-0-0\" class=\"so-panel widget widget_sow-editor panel-first-child panel-last-child\" data-index=\"2\" ><div\n\t\t\t\n\t\t\tclass=\"so-widget-sow-editor so-widget-sow-editor-base\"\n\t\t\t\n\t\t><h2 class=\"widget-title\">Feuer &amp; Flamme auch f\u00fcr die w\u00e4rmeren Monate<\/h2>\n<div class=\"siteorigin-widget-tinymce textwidget\">\n\t<p><span class='schriftzuggruen'><strong>ERFURTKAMIN<\/strong><\/span> powered by <span class='schriftzuggruen'><strong>WEIMARKAMIN<\/strong><\/span><\/p>\n<p><strong>Sehr geehrte Damen und Herren, liebe Feuerfreunde!<\/strong><\/p>\n<p>Endlich zeigen sich nach einem langen Winter die ersten Sonnenstrahlen und die Natur beginnt bl\u00fctenreich zu erwachen. <br \/>Wir freuen uns auf ein Leben im Freien mit Licht und W\u00e4rme und genie\u00dfen die Stunden mit Familie, Freunden und Bekannten.<\/p>\n<p>Dabei kommen die verschiedensten Feuerstellen und Nahrungsmittel- Aufbereitungsger\u00e4te zum Einsatz und erg\u00e4nzen unser Wohlgef\u00fchl.<\/p>\n<p><span style=\"color: #008000;\"><strong>Wir bieten Ihnen in diesem Segment Romantik pur mit exklusiven Feuerstellen, Gartenkaminen, Barbecues, Grills und M\u00f6belfeuerstellen von deutschen und europ\u00e4ischen Herstellern, welche keine W\u00fcnsche offen lassen.<\/strong><\/span><\/p>\n<p>Die Produkt- Vielfalt ist schier grenzenlos, als Brennstoffe kommen dabei Scheitholz, Holzkohle, Gas, Holzpellets oder auch Bioalkohol zum Einsatz.<br \/> Namhafte Designer haben bei der Entwicklung der von uns angebotenen Modelle perfekte Arbeit geleistet.<\/p>\n<p><strong>Bitte w\u00e4hlen Sie Sie die von Ihnen gew\u00fcnschte Kategorie aus und erfahren Sie mehr oder vereinbaren Sie direkt von hier mit uns einen <a href=\"https:\/\/weimarkamin.de\/erfurt\/beratung\/\">Beratungstermin<\/a>!<\/strong><br \/> Auf Wunsch senden wir Ihnen auch gerne <a href=\"https:\/\/weimarkamin.de\/erfurt\/katalog-anfordern\/\">relevante Kataloge<\/a> zu.<\/p>\n<\/div>\n<\/div><\/div><\/div><div id=\"pgc-128-1-1\"  class=\"panel-grid-cell\" ><div id=\"panel-128-1-1-0\" class=\"so-panel widget widget_sow-image panel-first-child panel-last-child\" data-index=\"3\" ><div\n\t\t\t\n\t\t\tclass=\"so-widget-sow-image so-widget-sow-image-default-8b5b6f678277-128\"\n\t\t\t\n\t\t>\n<div class=\"sow-image-container\">\n\t\t<img \n\tsrc=\"https:\/\/weimarkamin.de\/erfurt\/wp-content\/uploads\/sites\/16\/2016\/02\/Ginkgo-girl-gro\u00df.3.jpg\" width=\"687\" height=\"1024\" srcset=\"https:\/\/weimarkamin.de\/erfurt\/wp-content\/uploads\/sites\/16\/2016\/02\/Ginkgo-girl-gro\u00df.3.jpg 687w, https:\/\/weimarkamin.de\/erfurt\/wp-content\/uploads\/sites\/16\/2016\/02\/Ginkgo-girl-gro\u00df.3-201x300.jpg 201w, https:\/\/weimarkamin.de\/erfurt\/wp-content\/uploads\/sites\/16\/2016\/02\/Ginkgo-girl-gro\u00df.3-101x150.jpg 101w\" sizes=\"(max-width: 687px) 100vw, 687px\" alt=\"\" \t\tclass=\"so-widget-image\"\/>\n\t<\/div>\n\n<\/div><\/div><\/div><\/div><\/div><div id=\"pg-128-2\"  class=\"panel-grid panel-no-style\" ><div id=\"pgc-128-2-0\"  class=\"panel-grid-cell\" ><div id=\"panel-128-2-0-0\" class=\"so-panel widget widget_sow-editor panel-first-child\" data-index=\"4\" ><div class=\"wow bounceInLeft panel-widget-style panel-widget-style-for-128-2-0-0\" data-wow-duration=\"2s\" data-wow-offset=\"10\" data-wow-iteration=\"1\" ><div\n\t\t\t\n\t\t\tclass=\"so-widget-sow-editor so-widget-sow-editor-base\"\n\t\t\t\n\t\t>\n<div class=\"siteorigin-widget-tinymce textwidget\">\n\t<div class=\"su-row fliegendeboxen\">\n<div class=\"su-column su-column-size-1-1\"><div class=\"su-column-inner su-u-clearfix su-u-trim\">\n<h2><a title=\"Gartenfeuer\" href=\"https:\/\/weimarkamin.de\/garten\/gartenfeuer\/\">Gartenfeuer<\/a><\/h2>\n\n<a href=\"https:\/\/weimarkamin.de\/garten\/gartenfeuer\/\" class=\"su-button su-button-style-soft\" style=\"color:#FFFFFF;background-color:#1cb20d;border-color:#178f0b;border-radius:5px\" target=\"_self\"><span style=\"color:#FFFFFF;padding:6px 18px;font-size:14px;line-height:21px;border-color:#61ca56;border-radius:5px;text-shadow:none\"><i class=\"sui sui-arrow-right\" style=\"font-size:14px;color:#FFFFFF\"><\/i> Mehr erfahren<\/span><\/a>\n<\/div><\/div>\n<\/div><\/div>\n<\/div><\/div><\/div><div id=\"panel-128-2-0-1\" class=\"so-panel widget widget_text panel-last-child\" data-index=\"5\" >\t\t\t<div class=\"textwidget\"><div class=\"su-spacer\" style=\"height:40px\"><\/div>\n<span class='schriftzuggruen'><strong>ERFURTKAMIN<\/strong><\/span><br \/>...macht warm um's Herz.<\/div>\n\t\t<\/div><\/div><div id=\"pgc-128-2-1\"  class=\"panel-grid-cell\" ><div id=\"panel-128-2-1-0\" class=\"so-panel widget widget_sow-editor panel-first-child panel-last-child\" data-index=\"6\" ><div class=\"wow bounceInRight panel-widget-style panel-widget-style-for-128-2-1-0\" data-wow-duration=\"2s\" data-wow-offset=\"10\" data-wow-iteration=\"1\" ><div\n\t\t\t\n\t\t\tclass=\"so-widget-sow-editor so-widget-sow-editor-base\"\n\t\t\t\n\t\t>\n<div class=\"siteorigin-widget-tinymce textwidget\">\n\t<div class=\"su-row fliegendeboxen\">\n<div class=\"su-column su-column-size-1-1\"><div class=\"su-column-inner su-u-clearfix su-u-trim\">\n\n<h2><a title=\"Barbecues &#038; Grills\" href=\"https:\/\/weimarkamin.de\/garten\/gartenfeuer\/\">Barbecues &#038; Grills<\/a><\/h2>\n\n<a href=\"https:\/\/weimarkamin.de\/garten\/gartenfeuer\/\" class=\"su-button su-button-style-soft\" style=\"color:#FFFFFF;background-color:#1cb20d;border-color:#178f0b;border-radius:5px\" target=\"_self\"><span style=\"color:#FFFFFF;padding:6px 18px;font-size:14px;line-height:21px;border-color:#61ca56;border-radius:5px;text-shadow:none\"><i class=\"sui sui-arrow-right\" style=\"font-size:14px;color:#FFFFFF\"><\/i> Mehr erfahren<\/span><\/a>\n\n<\/div><\/div>\n<\/div><\/div>\n<\/div><\/div><\/div><\/div><\/div><\/div>","protected":false},"excerpt":{"rendered":"<p>powered by Sehr geehrte Damen und Herren, liebe Feuerfreunde!Endlich zeigen sich nach einem langen Winter die ersten Sonnenstrahlen und die Natur beginnt bl\u00fctenreich zu erwachen. Wir freuen uns auf ein Leben im Freien mit Licht und W\u00e4rme und genie\u00dfen die Stunden mit Familie, Freunden und Bekannten.Dabei kommen die verschiedensten Feuerstellen\u2026<\/p>\n<p> <a class=\"continue-reading-link\" href=\"https:\/\/weimarkamin.de\/erfurt\/garten\/\"><span>Continue reading<\/span><i class=\"crycon-right-dir\"><\/i><\/a> <\/p>\n","protected":false},"author":1,"featured_media":0,"parent":0,"menu_order":0,"comment_status":"closed","ping_status":"closed","template":"","meta":{"footnotes":""},"class_list":["post-128","page","type-page","status-publish","hentry"],"_links":{"self":[{"href":"https:\/\/weimarkamin.de\/erfurt\/wp-json\/wp\/v2\/pages\/128","targetHints":{"allow":["GET"]}}],"collection":[{"href":"https:\/\/weimarkamin.de\/erfurt\/wp-json\/wp\/v2\/pages"}],"about":[{"href":"https:\/\/weimarkamin.de\/erfurt\/wp-json\/wp\/v2\/types\/page"}],"author":[{"embeddable":true,"href":"https:\/\/weimarkamin.de\/erfurt\/wp-json\/wp\/v2\/users\/1"}],"replies":[{"embeddable":true,"href":"https:\/\/weimarkamin.de\/erfurt\/wp-json\/wp\/v2\/comments?post=128"}],"version-history":[{"count":4,"href":"https:\/\/weimarkamin.de\/erfurt\/wp-json\/wp\/v2\/pages\/128\/revisions"}],"predecessor-version":[{"id":3553,"href":"https:\/\/weimarkamin.de\/erfurt\/wp-json\/wp\/v2\/pages\/128\/revisions\/3553"}],"wp:attachment":[{"href":"https:\/\/weimarkamin.de\/erfurt\/wp-json\/wp\/v2\/media?parent=128"}],"curies":[{"name":"wp","href":"https:\/\/api.w.org\/{rel}","templated":true}]}}